 -23*w**2 + 318*w + 15. Determine b(14).
-41
Let u(n) = -9*n**2 - 14*n + 48. What is u(3)?
-75
Let j(q) = -2*q + 92. Determine j(62).
-32
Let t(v) = -42*v - 1053. Determine t(-24).
-45
Let f(x) = x**2 + 49*x + 438. Give f(-41).
110
Let y(k) = -13*k**2 - 110*k + 13. Calculate y(-8).
61
Let t(u) = 112*u + 85. What is t(-1)?
-27
Let g(z) = -88*z**2 - 9*z + 18. Give g(2).
-352
Let n(y) = -4*y**3 - 8*y**2 - 9*y - 12. Give n(-4).
152
Let v(f) = 15*f**2 + 54*f - 218. Give v(-6).
-2
Let j(u) = -2*u**2 + 3*u + 76. Determine j(-8).
-76
Let x(y) = 14316*y - 85907. Calculate x(6).
-11
Let x(l) = -9*l**2 - 14*l - 23. Determine x(7).
-562
Let h(i) = i**3 + 12*i**2 - 43*i - 230. Calculate h(-14).
-20
Let z(s) = -16153*s - 48462. Determine z(-3).
-3
Let k(d) = 2*d**2 - 59*d - 31. Give k(30).
-1
Let g(i) = 59*i - 3533. Determine g(60).
7
Let r(b) = -141*b - 737. Calculate r(-5).
-32
Let c(l) = -8*l + 598. Calculate c(75).
-2
Let v(y) = y**3 + 10*y**2 - 65*y - 44. Determine v(-13).
294
Let c(b) = 1249*b + 6250. Give c(-5).
5
Let f(l) = 6*l**3 - 24*l - 24. Give f(-1).
-6
Let z(o) = -278*o - 552. Calculate z(-2).
4
Let m(v) = 3*v**3 - 6*v**2 - 12*v + 1. Calculate m(-2).
-23
Let u(l) = l + 294. What is u(14)?
308
Let i(x) = -x + 10. What is i(-10)?
20
Let l(n) = n**2 - 87*n + 1757. Give l(55).
-3
Let y(z) = -29*z**2 + 373*z + 35. Give y(13).
-17
Let c(h) = 8*h**3 + 52*h**2 + 11*h - 31. Calculate c(-6).
47
Let x(u) = -u**3 - 60*u**2 - 538*u + 35. Give x(-49).
-14
Let a(w) = 4*w**2 - 129*w - 117. What is a(33)?
-18
Let h(c) = -c**2 + 73*c - 278. Give h(69).
-2
Let q(o) = -o**3 - o**2 - 14*o - 67. Determine q(-5).
103
Let i(w) = w + 139. What is i(33)?
172
Let t(u) = u**3 - 39*u**2 + 199*u - 2058. Give t(35).
7
Let l(a) = 3*a**3 + a**2 + 4*a - 425. Calculate l(0).
-425
Let j(u) = -u**2 - 92*u + 1982. Give j(-110).
2
Let h(o) = -4*o - 158. What is h(-36)?
-14
Let b(j) = 2*j**3 - 48*j**2 + 291*j - 30. Determine b(12).
6
Let a(y) = 417*y - 2648. Give a(6).
-146
Let i(p) = 9*p + 98. Calculate i(-8).
26
Let t(h) = -5*h**2 - 85*h - 217. What is t(-3)?
-7
Let w(a) = 7*a**2 + 49. Give w(-10).
749
Let j(x) = -15*x + 348. Calculate j(22).
18
Let u(o) = 149*o - 2974. Calculate u(20).
6
Let g(q) = 3*q**3 + 9*q**2 - 17*q + 1. What is g(3)?
112
Let m(t) = t**2 - 16*t - 11. Determine m(13).
-50
Let g(z) = 134*z + 67. Calculate g(2).
335
Let r(l) = 173*l - 4658. Determine r(26).
-160
Let x(a) = 30*a + 653. Determine x(-15).
203
Let d(z) = -z**3 + z**2 - 5*z + 82. Determine d(0).
82
Let w(g) = 73*g**3 - 2*g**2 - 2*g - 1. Give w(-1).
-74
Let v(d) = -4*d**2 - 6*d - 7. Give v(-1).
-5
Let g(f) = f**3 - 19*f**2 + 10*f + 160. Determine g(18).
16
Let l(o) = 2*o - 93. Calculate l(18).
-57
Let m(c) = -c**3 - 41*c**2 - 148*c + 34. Determine m(-37).
34
Let j(g) = -g**3 - 2*g**2 + 2*g + 177. Give j(0).
177
Let f(l) = -843*l + 6738. What is f(8)?
-6
Let v(r) = 83*r**2 + 2*r - 1. Give v(1).
84
Let g(h) = 4*h**3 - 2*h**2 - 4. Determine g(2).
20
Let n(w) = 45*w**2 + 406*w + 66. What is n(-9)?
57
Let t(g) = g**3 - 42*g**2 + 364*g - 13. What is t(14)?
-405
Let j(l) = -2*l**2 + 61*l + 580. Calculate j(-8).
-36
Let w(b) = -b**3 - 22*b**2 - 27*b - 21. What is w(-21)?
105
Let j(x) = -6*x**2 - 7*x - 7. What is j(4)?
-131
Let b(m) = -6*m**2 - 187*m - 165. What is b(-32)?
-325
Let l(d) = d**3 - 33. Calculate l(4).
31
Let w(c) = 3*c**3 + 3*c**2 + 11*c + 31. Determine w(-2).
-3
Let t(b) = -b**3 + 19*b**2 + 386. Calculate t(20).
-14
Let k(g) = 95*g + 7497. Determine k(-79).
-8
Let f(h) = 2*h**3 + 47*h**2 + 71*h + 7. Calculate f(-22).
-103
Let c(f) = -217*f + 202. Calculate c(2).
-232
Let m(i) = 30*i**2 - 17*i - 9. Calculate m(2).
77
Let x(u) = -u**3 + 42*u**2 - 80*u - 65. What is x(40)?
-65
Let d(h) = -66*h + 1230. Give d(17).
108
Let f(z) = 5*z**3 - 10*z**2 - 7. What is f(5)?
368
Let q(f) = -f**3 - 15*f**2 + 114*f + 1073. What is q(-18)?
-7
Let g(u) = u**2 + 209*u + 3434. Give g(-18).
-4
Let s(y) = -2*y**3 - 151*y**2 + 389*y - 107. Determine s(-78).
-29
Let y(k) = -k**3 - 9*k**2 + 14*k + 191. Give y(-8).
15
Let c(u) = 65*u**3 + 7*u**2 - 5*u. Determine c(2).
538
Let l(d) = d**3 - 18*d**2 + 51*d - 137. Determine l(15).
-47
Let f(d) = 389*d + 8954. Calculate f(-23).
7
Let g(q) = -5*q**2 - 398*q - 232. Give g(-79).
5
Let a(q) = 48*q + 58. Give a(0).
58
Let x(r) = r**3 - 8*r**2 - 12*r + 129. Give x(5).
-6
Let v(l) = -72*l**2 - 2596*l - 142. Give v(-36).
2
Let h(r) = 4*r**2 - 111*r - 334. What is h(-3)?
35
Let l(s) = s**2 + 5*s - 54. What is l(-7)?
-40
Let p(t) = t**3 - 104*t + 5. What is p(0)?
5
Let u(r) = -2*r**3 - 48*r**2 + 37*r - 60. Calculate u(-25).
265
Let h(f) = 104*f - 838. Give h(7).
-110
Let l(v) = v**2 - 74*v + 545. Give l(66).
17
Let s(b) = 8*b**2 + 6*b - 26. Determine s(-3).
28
Let w(h) = 22*h**2 - 1321*h + 54. What is w(60)?
-6
Let g(m) = 20*m + 524. Determine g(-27).
-16
Let b(i) = -7*i**2 + 251*i + 577. Determine b(38).
7
Let f(h) = 97*h + 753. What is f(-8)?
-23
Let g(s) = -90*s + 20. What is g(2)?
-160
Let r(x) = -6*x**3 + 148*x**2 + 48*x + 43. Determine r(25).
-7
Let h(x) = 4*x**2 + 155*x - 75. What is h(-40)?
125
Let r(d) = d**2 - 135*d + 518. Calculate r(131).
-6
Let d(c) = -4*c + 5. Calculate d(0).
5
Let o(k) = -14*k**2 - k - 2. Calculate o(4).
-230
Let y(f) = 4*f + 174. Give y(-41).
10
Let t(s) = 3*s**3 + 51*s**2 + 7*s + 22. Calculate t(-17).
-97
Let h(n) = 3*n**3 - 145*n**2 + 1705*n + 83. Calculate h(28).
-1
Let r(z) = -218*z - 1513. Give r(-7).
13
Let o(c) = -14*c - 1013. Determine o(-74).
23
Let q(r) = -633*r + 5124. Determine q(8).
60
Let i(s) = -132*s + 13321. Determine i(101).
-11
Let l(i) = 185*i**2 - 2776*i + 11. What is l(15)?
-4
Let v(o) = -2*o**2 + 7*o + 221. Determine v(-29).
-1664
Let b(n) = n**3 - 12*n**2 - 1977*n + 21873. Give b(11).
5
Let u(s) = 9*s**3 + 2*s**2 - 32*s + 43. What is u(5)?
1058
Let p(c) = 7*c**2 - 84*c - 42. Calculate p(10).
-182
Let m(u) = 2*u**2 - 66*u + 215. Give m(25).
-185
Let z(v) = -9773*v + 19558. Give z(2).
12
Let l(n) = 6*n**3 - 56*n**2 + 26*n - 52. Calculate l(9).
20
Let i(o) = 21*o**2 - 1089*o - 2258. What is i(-2)?
4
Let t(m) = -7*m**3 - 20*m**2 - 30*m + 56. What is t(-3)?
155
Let c(v) = -203*v + 5665. Give c(28).
-19
Let o(c) = c**3 + 8*c**2 + 3*c - 29. What is o(-5)?
31
Let s(t) = -10*t**3 - 7*t**2 + 64*t + 71. Calculate s(-1).
10
Let l(i) = 48*i - 919. What is l(19)?
-7
Let s(d) = d**3 + 4*d**2 - 24*d - 148. Determine s(-6).
-76
Let g(o) = -o**3 + 2*o + 8. What is g(2)?
4
Let p(f) = -93*f - 2653. Determine p(-28).
-49
Let u(l) = -6059*l - 315073. Determine u(-52).
-5
Let p(d) = 160*d + 24. Give p(-1).
-136
Let k(n) = 4*n**2 - 203*n + 1636. Give k(10).
6
Let b(s) = s**3 + 7*s**2 - 97*s + 22. Give b(-14).
8
Let d(y) = 4717*y - 9432. Give d(2).
2
Let x(a) = a**3 + 6*a**2 - 20*a - 94. Determine x(4).
-14
Let l(c) = 3*c**3 + 4*c**2 - 2*c + 4. What is l(-3)?
-35
Let d(j) = j**3 + 15*j**2 - 8*j + 16. What is d(-16)?
-112
Let q(b) = b**3 + 89*b**2 + 791*b + 94. What is q(-79)?
15
Let g(c) = -c**3 + 5*c**2 - 38*c + 252. What is g(6)?
-12
Let v(o) = 12*o**2 + 86*o - 67. Calculate v(-8).
13
Let s(f) = -14905*f - 104331. What is s(-7)?
4
Let x(n) = 63*n - 1208. Give x(21).
115
Let y(z) = z**2 + 17*z - 299. Determine y(-27).
-29
Let i(m) = 14*m - 325. Calculate i(23).
-3
Let y(u) = u**3 - 16*u**2 - 105*u + 11. Calculate y(21).
11
Let s(z) = -2*z**3 + z**2 + 5*z - 4. Calculate s(2).
-6
Let i(t) = t**3 - 16*t**2 - 5*t + 104. Give i(16).
24
Let i(t) = -254*t - 9692. Determine i(-38).
-40
Let v(w) = 136*w + 233. What is v(-1)?
97
Let r(o) = -200*o - 27744. Give r(-139).
56
Let l(g) = -2*g**2 - 45*g + 13. Calculate l(5).
-262
Let g(b) = 9*b**3 - 4*b**2 + 22*b - 3. What is g(3)?
270
Let v(j) = 7*j**2 + 48*j - 50. Give v(-8).
14
Let z(c) = -11*c**3 - c**2 - 7*c - 6. Determine z(-1).
11
Let h(c) = -4*c**3 + 155*c**2 + 39*c + 6. Give h(39).
6
Let w(t) = -t**3 - 14*t**2 + 27*t + 570. Calculate w(-13).
50
Let y(p) = 121*p**3 - 3*p**2 + 74*p - 72. Give y(1).
120
Let c(i) = 2*i**2 + 18*i - 616. Determine c(13).
-44
Let q(i) = i**2 + 457*i + 11208. What is q(-26)?
2
Let z(h) = 18*h**2 + h + 10. What is z(4)?
302
Let m(j) = -4*j**3 - 2*j**2 + 15*j - 49. Determine m(3).
-130
Let m(h) = 2*h + 110. Give m(-46).
18
Let f(j) = 296*j - 4723. What is f(16)?
13
Let a(o) = o**2